((-3)/(-12)). What is the tens digit of (b/(-7))/4 - 20310/(-21)?
6
Let g(k) = 344*k**2 + 50*k + 47. What is the hundreds digit of g(-8)?
6
Let g(s) = 10*s + 3. Let v be g(7). Let t = v - 59. Suppose -2 = 4*p - t. What is the units digit of p?
3
Suppose 12*r = 10*r + 22. Let t(j) = -j**3 + 10*j**2 + 13*j - 20. Let u be t(r). Suppose u*a = 5*m + 247 + 56, -m = 4*a - 551. What is the tens digit of a?
3
Let m(q) = 66*q**2 + 41*q + 64. What is the ten thousands digit of m(-20)?
2
Let g be 5/15 - (-176)/(-6) - 1. Let x = g + 297. Suppose 4*m = 5*j - x, 5*j - 2*j = 3*m + 162. What is the tens digit of j?
5
Let q(k) = 11*k**2 - 55*k - 6504. What is the ten thousands digit of q(-69)?
4
Suppose 4*s + 3*l - 1085 = 0, -212 = -s + 5*l + 65. Suppose j - s = -j. Suppose -11 = -p + 3*o + j, -2*p + 3*o = -294. What is the hundreds digit of p?
1
Let m = -370 - -248. Let c = 1193 + m. What is the hundreds digit of c?
0
Suppose 1 = 15*q - 16*q - 4*m, 2*q = -5*m + 1. Suppose q*o - 26*s = -28*s + 607, 5*o + s = 1014. What is the hundreds digit of o?
2
Let s(l) = -18*l**2 + 995*l - 7. What is the tens digit of s(54)?
3
Suppose -2*b = 2*f + 52, 4*f = 2*b + 8 + 14. What is the hundreds digit of (-61821)/(-63) - 8 - (-6)/b?
9
Let m be 12*(-1 - 2*2). Suppose 84*o + 10180 + 236 = 0. Let k = m - o. What is the units digit of k?
4
Let r(z) = 25*z**2 + 39*z + 165. What is the thousands digit of r(-15)?
5
Suppose 5*o + 20 = 2*s, 3*o + 2*s - 18 = -46. What is the units digit of 418 + -3*(-12)/o?
2
What is the tens digit of 19 - (-1400)/(-75) - 310380/(-9)?
8
Let y = 38409 + 3435. What is the hundreds digit of y?
8
Suppose -18*i + 6*i - 24 = 0. What is the units digit of i*(-6)/60 + (-129)/(-5)?
6
Let j = 13 + -9. Let m(q) = 2*q**2 + 7*q - 1. Let x be m(-4). Suppose -3*g + 4*n + 76 = 0, 0*g - j*n + 44 = x*g. What is the units digit of g?
0
Let y be 2/(-9) - -4 - 34/(-153). Let i be ((-12)/5)/(9/(-30)). What is the units digit of y/i*-2 + 14?
3
Let y be (0 - 50)*4/(-8). Suppose 4*w + 5*k = -y, -4*k - 1 = 2*w + 19. What is the tens digit of (-179 + -4)*(1 - 2 - w)?
8
Let k be 6 + (5 - 8) - (-2 + -525). Suppose -k - 894 = -4*t. What is the units digit of t?
6
Suppose 82*d - 5*c + 13147 = 83*d, 0 = -4*d - 5*c + 52588. What is the thousands digit of d?
3
Suppose 0 = 1176*n - 1174*n - 4*m - 10674, -26755 = -5*n - 4*m. What is the units digit of n?
7
Let l(a) = -5*a**3. Let b be (4/6)/(8/(-12)). Let x be l(b). What is the tens digit of 872/10 - (x + (-144)/30)?
8
Let f(c) = -c**2 - 19*c - 28. Let h be f(-17). Suppose h*a - 4*a + b = 52, -3*a = -2*b - 71. What is the tens digit of a?
2
Suppose y = -4*z + 89, -397 = -5*y + z + 3*z. What is the thousands digit of (-11 + y/9)*-817?
1
Let q be 4/14 - 135/7. Let z(f) = 206*f + 7647. Let i be z(-37). Let k = q + i. What is the units digit of k?
6
Let m be (21*(-4)/3)/(-1). Suppose 2*p - 4*b - 11 = 3, -5*p + m = -3*b. Suppose -p*d + 182 = -8. What is the units digit of d?
8
Suppose 246260 + 678569 + 494099 = 82*p. What is the ten thousands digit of p?
1
Let n be 136/(-2) + (-4)/(-2). Let c = 46 + n. Let s(b) = -9*b - 60. What is the tens digit of s(c)?
2
Suppose -2*f + 3539 = -r, 4*f - 3533 = 2*f - r. Suppose -2*a - 3*l - 95 + 975 = 0, -f = -4*a - 4*l. What is the tens digit of a?
4
Let y = 30 + -14. Suppose -197 = 4*o - 5*l, y*l + 45 = -o + 13*l. What is the tens digit of ((-9)/2)/(o/1472)?
3
Suppose -142*i + 143*i - 5 = 0. What is the units digit of 5/(i - 325/66)?
6
Suppose -5*n = 5*s - 5150, -48*s = -2*n - 52*s + 2064. Let a = 1075 + n. What is the hundreds digit of a?
1
Let a be 3/(15/(-3224)) + (-9)/45. Let j = a - -971. What is the hundreds digit of j?
3
What is the ten thousands digit of ((-155)/(-62))/((-1)/(-5140))?
1
Suppose -62 + 22 = -4*x. Suppose -5*l - 2*w = -1927, 285 = -3*l + 4*w + 1436. Suppose -x*y + 5*y + l = 0. What is the tens digit of y?
7
Let s(w) = 3*w - 8. Let u be s(-2). What is the hundreds digit of u/((-9)/(-3) + (-53)/17)?
1
Let q = -117 + 117. Suppose -11*i + 1389 + 1284 = q. What is the units digit of i?
3
Let m = -3 - -2666. What is the thousands digit of m?
2
Let z(m) = m**2 - 4*m - 32. Let r be z(-4). Suppose 4*w - 4*f - 3260 = r, 2*w - 3*w + 5*f + 795 = 0. What is the hundreds digit of w?
8
Suppose h - 8*h = 0. Suppose 3*y + 3*x - 21 = h, 2*x + 22 = 6*y - 4*y. Suppose 5*m + 684 = y*m. What is the hundreds digit of m?
1
Let l(d) = 7*d**3 + 641*d**2 - 4*d - 314. What is the hundreds digit of l(-91)?
1
Suppose -2*z - 21490 + 895 = -3*c, 2*c + 2*z - 13720 = 0. What is the hundreds digit of c?
8
Suppose 9*t = 8*t + 45. Let u = t - 43. Suppose p = u*y + 41, -4*p + 5*y + 74 + 96 = 0. What is the units digit of p?
5
Suppose 0 = -55*x + 1843070 + 868100. What is the hundreds digit of x?
2
Let g(j) = 42 + 42*j**2 - 14*j - 22*j**2 + 4*j**2. What is the hundreds digit of g(5)?
5
Let g(q) be the first derivative of 35*q**3/3 + 9*q**2/2 - 147*q - 56. What is the units digit of g(7)?
1
Let j(r) = 5*r**2 - 4*r. Let b be j(1). Let x be 240/12 - (b + (1 - 0)). Suppose -308 = -x*k + 14*k. What is the tens digit of k?
7
Suppose -h + 5*t = -3777, -3*h = -16*t + 19*t - 11331. What is the units digit of h?
7
Suppose -q = -3, 5*d + q - 132 = 86. What is the tens digit of d*(-6)/(-9) + 4/12?
2
Let j(y) = 21*y - 225. Let d be j(11). Suppose 4*i - d*x = -3*x + 2731, -2*x + 669 = i. What is the tens digit of i?
7
Suppose -2*d = 3*f - 148, 5*f = 5*d - 2*d + 215. Let r = -44 + f. Suppose -r*b - 4*c = -3*c - 9, -c - 3 = 0. What is the units digit of b?
6
Let a = 8312 - 3757. What is the units digit of a?
5
Let f = -583 + 1471. Suppose -2*h = 2*v - f, -v + 2*h + 459 = 6*h. What is the hundreds digit of v?
4
Let z(j) = 14*j**2 + 16*j - 1. Let h be z(-5). Let t = 602 - h. What is the hundreds digit of t?
3
Let v be (12/16)/((-9)/(-24)). Suppose v*y = -m + 137, 794 = 4*m + 2*y + 234. What is the units digit of (0 + -1)/4 + m/4?
5
Let p(b) = -3*b**3 - 2*b**2 - 4*b - 3. Let x(a) = a**2 + 6*a - 17. Let q be x(-8). Let n be p(q). What is the tens digit of 1/n - 635/(-10)?
6
Let c be 1159469/555 - (-4)/(-30). Suppose 0 = -2*z + c - 737. What is the tens digit of z?
7
Let d be (-2)/5 - 18/(-225)*5. What is the tens digit of d + (6 - 2 - (-449 - -3))?
5
Suppose 32 = 13*h - 33. Suppose -5*k + 22 = j - 16, 2*k + h*j = 29. What is the units digit of k?
7
Suppose -2*l + 127464 = 4*i, -4*l + 254940 = 20*i - 15*i. What is the ten thousands digit of l?
6
Suppose -205*f = -221*f + 112624. What is the hundreds digit of f?
0
Let x(z) = -z**2 - 136*z - 504. What is the tens digit of x(-50)?
9
Suppose 6*r - 66 = -18. Suppose -5*j - p = -853, 0 = -6*p + r*p + 4. What is the units digit of j?
1
Let q(g) = -196*g + 6. Let f be q(-5). Let p = f - 691. What is the hundreds digit of p?
2
Let w be ((-18)/(-16))/(-3) + (-1260)/(-32). Suppose 38*l - w*l = -761. What is the hundreds digit of l?
7
Suppose 94*v + 36708 = 151*v. What is the hundreds digit of v?
6
Let a(l) = -2*l**2 - 21*l - 52. Let y be a(-5). What is the units digit of 6771/33 - (175/55 - y)?
5
Let f(a) = -2*a**2. Let m(s) = 4*s**2 - 3*s - 13. Let y(b) = -f(b) + m(b). What is the units digit of y(4)?
1
Suppose -5*s = 219 - 7354. Suppose 0 = -2*r - w + s, 2*r - 5*w + 2851 = 6*r. What is the tens digit of r?
1
Let r(u) = u**2 + 2*u + 2. Let z = 39 + -39. Let a be r(z). Suppose -3*w = a*w + 25, 28 = h - 2*w. What is the units digit of h?
8
Let i = 4546 + -4533. What is the tens digit of i?
1
Let w(h) = -h**3 - 10*h**2 + h - 11. Suppose 10*l - 2*l + 88 = 0. Let f be w(l). Let u = 187 - f. What is the units digit of u?
8
Let o(y) = -120*y + 23. Let l be -13 + 12 - (2 + 0/3). What is the hundreds digit of o(l)?
3
Suppose 3*p + p = 3*p. Suppose -447 + 1137 = 3*j - 3*g, p = -g - 3. What is the hundreds digit of j?
2
Let b(t) = t**2 - 56*t + 1149. What is the units digit of b(51)?
4
Suppose 0 = 3*j - 3*i - 11238, -32*i + 27*i = j - 3710. What is the thousands digit of j?
3
Suppose -u = -3, -4*q + 0*u + 5*u = 27. What is the units digit of (-18)/54 - 286/q?
5
Suppose 300 - 325 = -5*r. Suppose -4*z + 3467 = -r*n + 942, 0 = 2*z + 2*n - 1276. What is the tens digit of z?
3
Let b(z) = -4*z - 72. Let u be b(-15). What is the units digit of 29*((1 - u) + 2)?
5
Suppose 33698 - 24076 = n. What is the thousands digit